e remainder when 1569 is divided by 320.
289
Calculate the remainder when 9708 is divided by 19.
18
Calculate the remainder when 32250 is divided by 116.
2
What is the remainder when 9790 is divided by 445?
0
Calculate the remainder when 10865 is divided by 52.
49
Calculate the remainder when 15951 is divided by 87.
30
Calculate the remainder when 4053 is divided by 63.
21
What is the remainder when 645895 is divided by 34?
31
What is the remainder when 13749 is divided by 173?
82
What is the remainder when 164310 is divided by 184?
182
Calculate the remainder when 58397 is divided by 1081.
23
What is the remainder when 39448 is divided by 1876?
52
What is the remainder when 695365 is divided by 3392?
5
What is the remainder when 15574 is divided by 76?
70
Calculate the remainder when 4303 is divided by 3112.
1191
What is the remainder when 50295 is divided by 590?
145
Calculate the remainder when 168188 is divided by 264.
20
Calculate the remainder when 635732 is divided by 1254.
1208
What is the remainder when 82054 is divided by 88?
38
Calculate the remainder when 28512 is divided by 9469.
105
Calculate the remainder when 1450 is divided by 314.
194
What is the remainder when 1815 is divided by 294?
51
What is the remainder when 20354 is divided by 134?
120
Calculate the remainder when 488018 is divided by 244006.
6
What is the remainder when 4661 is divided by 85?
71
What is the remainder when 11415 is divided by 23?
7
What is the remainder when 2200 is divided by 281?
233
Calculate the remainder when 99449 is divided by 14196.
77
Calculate the remainder when 5104 is divided by 178.
120
Calculate the remainder when 3307 is divided by 644.
87
What is the remainder when 20939 is divided by 676?
659
What is the remainder when 9589 is divided by 53?
49
What is the remainder when 4553 is divided by 2262?
29
What is the remainder when 13018 is divided by 13012?
6
What is the remainder when 24123 is divided by 964?
23
What is the remainder when 1150 is divided by 82?
2
What is the remainder when 1670 is divided by 72?
14
Calculate the remainder when 7336 is divided by 306.
298
What is the remainder when 2573 is divided by 788?
209
Calculate the remainder when 5546 is divided by 1113.
1094
Calculate the remainder when 24328 is divided by 1216.
8
What is the remainder when 6192 is divided by 311?
283
What is the remainder when 396952 is divided by 60?
52
Calculate the remainder when 733 is divided by 237.
22
What is the remainder when 28112 is divided by 28073?
39
What is the remainder when 3866 is divided by 155?
146
What is the remainder when 730771 is divided by 563?
560
Calculate the remainder when 3749 is divided by 3744.
5
Calculate the remainder when 847 is divided by 142.
137
What is the remainder when 1604315 is divided by 1076?
1075
Calculate the remainder when 40245 is divided by 694.
687
Calculate the remainder when 980 is divided by 296.
92
What is the remainder when 4992 is divided by 187?
130
Calculate the remainder when 494 is divided by 407.
87
Calculate the remainder when 30099 is divided by 35.
34
Calculate the remainder when 206418 is divided by 259.
254
What is the remainder when 3156 is divided by 293?
226
Calculate the remainder when 8276 is divided by 1652.
16
Calculate the remainder when 9995 is divided by 770.
755
Calculate the remainder when 12368 is divided by 1766.
6
Calculate the remainder when 506138 is divided by 42.
38
Calculate the remainder when 48384 is divided by 930.
24
Calculate the remainder when 3560 is divided by 251.
46
What is the remainder when 17581 is divided by 651?
4
What is the remainder when 2445 is divided by 367?
243
Calculate the remainder when 54771 is divided by 1119.
1059
What is the remainder when 4870780 is divided by 1218?
1216
Calculate the remainder when 2768 is divided by 231.
227
What is the remainder when 3021 is divided by 50?
21
What is the remainder when 18872 is divided by 1789?
982
What is the remainder when 58378 is divided by 21?
19
Calculate the remainder when 23021 is divided by 36.
17
Calculate the remainder when 3789 is divided by 161.
86
What is the remainder when 187331 is divided by 207?
203
Calculate the remainder when 45681 is divided by 11416.
17
Calculate the remainder when 56861 is divided by 14206.
37
What is the remainder when 2105 is divided by 19?
15
Calculate the remainder when 9021 is divided by 548.
253
Calculate the remainder when 1957 is divided by 1869.
88
Calculate the remainder when 447 is divided by 398.
49
Calculate the remainder when 14363 is divided by 2870.
13
Calculate the remainder when 714053 is divided by 62.
61
What is the remainder when 3430 is divided by 22?
20
Calculate the remainder when 712 is divided by 34.
32
Calculate the remainder when 18076 is divided by 5726.
898
Calculate the remainder when 62117 is divided by 40.
37
Calculate the remainder when 81920 is divided by 2642.
18
Calculate the remainder when 956947 is divided by 956944.
3
Calculate the remainder when 67960 is divided by 1011.
223
What is the remainder when 503 is divided by 4?
3
What is the remainder when 608970 is divided by 29?
28
What is the remainder when 8482 is divided by 354?
340
What is the remainder when 715470 is divided by 194?
192
What is the remainder when 1355 is divided by 204?
131
Calculate the remainder when 8928 is divided by 4458.
12
Calculate the remainder when 443427 is divided by 15.
12
Calculate the remainder when 142548 is divided by 617.
21
What is the remainder when 8022 is divided by 1596?
42
Calculate the remainder when 149896 is divided by 42.
40
Calculate the remainder when 355493 is divided by 129.
98
Calculate the remainder when 7129 is divided by 790.
19
Calculate the remainder when 13519 is divided by 12.
7
What is the remainder when 66588 is divided by 16607?
160
Calculate the remainder when 2879 is divided by 1.
0
Calculate the remainder when 2755 is divided by 25.
5
What is the remainder when 2170 is divided by 644?
238
Calculate the remainder when 245530 is divided by 16.
10
What is the remainder when 15260 is divided by 4407?
2039
What is the remainder when 142999 is divided by 71465?
69
What is the remainder when 36 is divided by 10?
6
What is the remainder when 212489 is divided by 37?
35
Calculate the remainder when 446918 is divided by 467.
466
What is the remainder when 468 is divided by 5?
3
Calculate the remainder when 7693 is divided by 2497.
202
What is the remainder when 7483 is divided by 299?
8
Calculate the remainder when 4032 is divided by 30.
12
Calculate the remainder when 921671 is divided by 820.
811
Calculate the remainder when 90132 is divided by 29992.
156
Calculate the remainder when 47230 is divided by 41.
39
Calculate the remainder when 31814 is divided by 366.
338
What is the remainder when 7670 is divided by 1913?
18
Calculate the remainder when 1104 is divided by 794.
310
Calculate the remainder when 87780 is divided by 304.
228
Calculate the remainder when 1671462 is divided by 69.
6
Calculate the remainder when 1335925 is divided by 17.
14
What is the remainder when 10150 is divided by 134?
100
What is the remainder when 2684897 is divided by 10?
7
What is the remainder when 251 is divided by 97?
57
Calculate the remainder when 155394 is divided by 114.
12
Calculate the remainder when 3165 is divided by 243.
6
What is the remainder when 70339 is divided by 10?
9
Calculate the remainder when 64640 is divided by 168.
128
Calculate the remainder when 1353728 is divided by 194.
190
Calculate the remainder when 57639 is divided by 10.
9
Calculate the remainder when 1132 is divided by 26.
14
Calculate the remainder when 238659 is divided by 1635.
1584
What is the remainder when 14676 is divided by 880?
596
What is the remainder when 22808 is divided by 210?
128
What is the remainder when 3341 is divided by 286?
195
Calculate the remainder when 130 is divided by 122.
8
What is the remainder when 8679 is divided by 40?
39
What is the remainder when 53235 is divided by 347?
144
Calculate the remainder when 235581 is divided by 33654.
3
Calculate the remainder when 210892 is divided by 42173.
27
Calculate the remainder when 65123 is divided by 243.
242
What is the remainder when 4073 is divided by 708?
533
Cal